7 + -49 + 18 + 17 + (1 - 9)?
55
What is the value of -7 + 31 - (40 + -20) - (-39 - -2)?
41
43 - -12 - (-2 - (23 - 36))
44
20 - 1 - (120 - 84 - 75)
58
(-3 - -84 - 86) + (-1 - 8)
-14
What is 43 + 0 + (343 - 360) + 0?
26
-7 - (-42 + (33 - 41))
43
81 + -82 + -24 + 43
18
4 + 9 + -46 - (-2 - 19)
-12
Calculate -69 - (-286 - -272 - (5 + 3 + 0)).
-47
What is (-19 - 1) + (-3 - -15) + (-38 - -3 - -3)?
-40
Calculate -10 + -19 + 34 + (5 - 0) + (53 - 0).
63
What is the value of (-17 - -28) + -13 + 19?
17
What is 20 + (31 + -2 + -19 - 15)?
15
What is -18 - (21 + (-17 - (-31 - -22)))?
-31
Evaluate (-430 - -374) + (-7 - -7) + (0 + -1 - -13).
-44
What is -28 - ((-21 - 43) + -1)?
37
What is the value of (-3 - -1) + 4 + (-28 - -15) - 1 - -65?
53
What is the value of -14 + 543 + -535 + -6 + 0?
-12
29 + -44 - -43 - (2 + 19)
7
Evaluate -109 - (6 - (4 - (120 + -112 + (2 - 10)))).
-111
-3 + -4 - (-84 - -39 - -14)
24
What is the value of (0 - -21) + 435 + -461 - (15 - 1)?
-19
(-36 - (0 - 3 - 17)) + (-9 - 0) - 11
-36
43533 - 43500 - (152 + -1)
-118
Evaluate -131 - (-160 - -159 - 118).
-12
Calculate (-7 - -4) + 7 + 18 + -44.
-22
What is the value of 64 + -23 + (-9 - (19 - 47))?
60
What is (-40 - (-79 + 42)) + 41?
38
-141 - (63 + 6 + -76)
-134
What is the value of (522 - 495) + 28 + 8 + -14?
49
What is (-43 - ((-2 - 3) + -3)) + (12 - (-3 + 16))?
-36
What is the value of (108 - (10 - (8 - (1 - -11)))) + 4?
98
Evaluate (-24 + 0 - 1) + (-2083 - -2097).
-11
What is 11 + (-92 - -78) + (-12 - (-2 + 2))?
-15
Evaluate -83 - 15 - (-33 - 3).
-62
What is the value of -61 + (83 - (-13 + 159))?
-124
What is the value of (103 - -4) + -1 + -1 + (-550 - -535)?
90
What is the value of 58 - 52 - 3 - (-11 - -134)?
-120
What is (5 - ((27 - 1) + -14)) + (3 - 2 - -71)?
65
Calculate -3 - (0 - (30 - 15)) - (23 - -18).
-29
Calculate 10 + (-7 - (-7 - -4)) - (-244 - -247).
3
Evaluate 6 + -16 + (8 - 9) + (7 - (-7 + 47)).
-44
-75 - (-61 - 41 - -20)
7
What is (-109 - -113) + (2 - 1 - (-44 + 32))?
17
Evaluate (1 + -4 - 8) + (7 - 1) + 20 + 4.
19
What is the value of -9 + (-45 - -11) - (3 + 16)?
-62
Calculate (18 - 0) + -1 - (797 + -423 - 355).
-2
What is the value of -82 - (-152 + 58 + -7)?
19
What is the value of 4 + (-71 - -71) + (0 - -3) + -68 - -10?
-51
Calculate -20 + (14 + -13 - 13 - -54).
22
-17 - ((-12 - -20) + -10) - -57
42
-8 + -132 + -64 + 70
-134
Calculate -2765 + 2760 - ((1 - 0) + 6 + -12).
0
47 - (30 + 6) - -120 - 33
98
Calculate -189 - (212 + -109 + -185).
-107
(-54 - (-5 + -11) - -12) + -13
-39
Evaluate -2 + 19 + (-38 - ((0 - 90) + -21)).
90
What is -2 + 16 - (-32 + 10) - 7?
29
What is the value of 2 - -9 - -2 - (15 + -9 + 16) - -12?
3
(45 - (10 - (-1 + -5))) + -16
13
What is -27 - (18 + -12 + 10 + 66)?
-109
What is 15 + -7 + 6 + -3 + -2 + (22 - 32)?
-1
Evaluate (2 + 5 - (-331 - -364)) + (5 + 1 - -2).
-18
4816 + -4831 - ((-1 - 1) + (3 - 61))
45
477 + -527 - (28 - -14)
-92
What is the value of 56 + -20 + -133 + 15?
-82
-64 + -66 + 98 + 76
44
What is the value of 2 - (-12 + (10 - -56 - 22))?
-30
-29 - -10 - -43 - 37
-13
Evaluate 14 + -82 + (-7 + (0 - -2) - (-6 + -10)).
-57
What is the value of (0 - (38 - 76 - 49)) + -25?
62
What is the value of (-5 - 50) + (8 - -1) + (-12 - -13)?
-45
What is (55 - (19 - -6)) + (-3 - -10 - 16)?
21
What is -7 + 58 + -91 + 43 + 1?
4
-785 + 798 + -17 + -2 + 0
-6
Calculate -33 + 40 + -45 + 32.
-6
Evaluate -16 + -36 + 199 + -95.
52
8 - (76 - (64 + -30)) - -107
73
What is (0 + -3 - (9 - -8 - 18)) + (18 - -5)?
21
What is the value of 43 + (32 + 52 - 170)?
-43
What is 51 + -64 + 3 + 18?
8
Evaluate 0 + -4 + 8 - 5 - (8 - 65 - 24).
80
What is the value of (-6 - 3) + 46 + -91 + 11 + 4?
-39
Calculate 37 - (-6 + 65 + 3).
-25
(-63 - -4) + (-1439 - -1517)
19
What is the value of -3 - 37 - (-543 - -483)?
20
Evaluate 37 - (83 + -71) - (0 + 74).
-49
Evaluate (-372 - -424) + -23 + 6.
35
What is (-29 + 5 - (-52 - -13 - -21)) + (65 - 0)?
59
Calculate -11984 + 11944 - (5 + -1).
-44
What is the value of (3 - -28) + -31 + (80 - 34) + -32?
14
What is the value of -2 - (26 - 20 - 5) - -52?
49
Calculate -123 + (130 - 58) - -64.
13
Calculate 210 - 238 - (-3 - -58) - 3.
-86
-8 + (57 - 41) + (2 - (-3 - -56))
-43
What is the value of -9 + (-6 - -12) + (-17 - 2)?
-22
Calculate 14 - (-20 - 0 - (-56 + 47 + 6)).
31
What is 80 + -175 + (157 - 39)?
23
(-17 - 2) + ((-11 - 34) + 27 - -135)
98
Calculate -10 + 106 - (29 + 14 - -4).
49
(-117 - (-93 + 3)) + 52
25
What is the value of 1 + -29 + 15012 + -14942?
42
What is the value of -82 + -2 - (5499 + -5594)?
11
Calculate -4 + -10 - (54 - 12).
-56
(0 - 11) + 19 + (185 - 162) + 1 + -12
20
What is the value of 7 + -22 + 28 + 23 - 0?
36
Calculate -7 - (5 + 7 - (13 - -6)) - -66.
66
What is the value of 900 + -894 - (0 - 34)?
40
What is 81 + (-30 + (-13 - -21) - -11 - -20)?
90
What is the value of -68 + 57 + (29 - -8)?
26
Evaluate -26 + -23 + (0 - ((-29 - -14) + 7)).
-41
What is (38 - -33) + -46 - 22?
3
Calculate -7 - (-15 - 3) - (78 + -79).
12
Calculate (10 + 1 - (-134 + 161)) + -58 + -13.
-87
-3 + 28 + (39 - (-18 - -75))
7
(-11 - -49) + -46 + (25 - -1)
18
What is 0 + 13 + 2 + 5306 + -5315?
6
What is the value of 23 - ((198 + -222 - (-23 + 1)) + -106)?
131
Evaluate -26 - (0 - 74) - 7.
41
Evaluate -47 + 0 - (-22 + (41 - 20 - -23)).
-69
What is 9 + (-17 + 9 - -4) + 9?
14
Calculate -45 + -14 + 27 - (-70 - 10).
48
Evaluate 2 - -6 - (29 - -19) - -5.
-35
What is the value of (-8 - 39) + -992 + 969?
-70
What is 270 - 258 - (3 + 8 + -4 + -2)?
7
What is -89 - ((-34 - -14) + 10 + (0 - -3))?
-82
What is the value of ((-1 + 3 - 15) + (-24 - -137) - 6) + -10?
84
Calculate 32 - (13 - -30 - -15).
-26
Calculate (28 - 0) + -33 + -30.
-35
What is the value of 1235 - 1184 - (0 - -3 - 5)?
53
Evaluate (23 - (-55 - -30)) + -2.
46
191 + -203 - (2 - (2 + 10 + 1))
-1
20 - ((-2 - -8) + -4 + 2 - (-1 + 9))
24
What is 31 + (-80 - -30) + -51?
-70
Evaluate (-6 + 4 + 11 + 62 - -8) + -4.
75
Calculate (-34 - (23 - 27) - -17) + (-26 - 0).
-39
What is (52 - 52) + 1 + 36?
37
What is -4 + (-13 - (-8 + 15 - 21)) + 16?
13
What is the value of -1434 + 1384 + 2 + 74?
26
15 + -5 + 8 + -7 + 18
29
Evaluate (-152 - 137) + 134 - -13.
-142
(7 - (5 - -10)) + -77 - (20 + -14)
-91
68 - 33 - (-17 - -14)
38
Evaluate (-11 - (1 + -7)) + (8 - -16 - 100) - -5.
-76
-11 + (-25 - -7 - -39) + -44
-34
(122 + -57 - 14) + -5
46
16 - (-6 + 17) - (-21 - -3)
23
Evaluate 72 + -11 + (3 + 10 - -1) + -21.
54
Evaluate (-13 - -12) + 69 + -9 - (-1 - -6 - 5).
59
What is the value of (1 + 4 + 4 - -9) + -11 - -62?
69
(-36 - ((25 - 57) + 4)) + 0 + 1
-7
What is 30 + -26 + (-94 - -18) - (6 + -11 + -1)?
-66
What is the value of -3763 + 3746 - (-4 + 2 - -29)?
-44
Evaluate 4 + 29 + -16 + (-13 - (7 - 23)).
20
3 + 8 - (-4 + 14) - (12 + -119 - -11)
97
12 - (7 + -15 - 43) - (-13 + -2)
78
35 - (-8 - (0 - 17)) - -45
71
What is 540 + -494 - (1 - -50)?
-5
Evaluate (-54 - -50) + -36 - -50.
10
What is -9 + (-26 - (-12 + 9))?
-32
What is the value of 18 - (59 - (-89 + 249))?
119
What is (18 - (21 - 43)) + -6 + -5?
29
4 + 1 + 44 - (-15 - -3 - 5 - -27)
39
Evaluate 1 + 7 + 1 + -8 + 26 + 22.
49
Calculate 65 + (53 - 66 - -4).
56
What is the value of -26 - (16 + -17 + 2 - 108)?
81
Evaluate -5 + (70 - (2 - -8) - (-5 - -12 - -1)).
47
(-43 - 2) + (-3 + 29 - 40) - -14
-45
What is the value of (2 - -88) + (197 - 191) - -6 - 4?
98
What is the value of 3 + -37 + 178 + -87 + -12?
45
What is the value of 60 - (125 - 82 - 100)?
117
Evaluate (-1 + 6 + 11 - 39) + 14.
-9
Evaluate -2 + -2 + 8 + (9 - 58) + 2 + -12.
-55
20 + -3 + 13 + 22 + -18 + -10
24
Evaluate -9 - (-5 - -74) - -23 - -25.
-30
Evaluate 12 + (18 - 28) + (-4 - -2 - -29).
29
-3 - (-3 - (-12 - (-19 - 1))) - (-7 - 43)
58
-93 - (55 - 125) - -79
56
What is the value of 8 - (10 - 35) - (1 + -8) - 5?
35
-1 + 5 - 80 - (22 + -19 - 13)
-66
What is the value of (18 - 18) + (9 - 18 - -14) + -34?
-29
Calculate 110 + -5 + -50 + -104.
-49
Evaluate -75 - ((-1 - 35) + 7) - 87.
-133
Evaluate (13 + 10 + -6 - 21) + 5.
1
Calculate (-18 - (-76 - -17)) + -32 - (75 + 1).
-67
Calculate -33 + 15 + -22 + -7.
-47
-19 - (-14 - -5) - (33 + -9 + (-7 - -7))
-34
Evaluate 20 + 0 - (-118 - -304 - 194).
28
Evaluate 15 + -31 + 60 + 2 + 12 + -18.
40
Evaluate -26 - -1 - (235 + -212 + -14).
-34
10 - 10 - -12 - (-1 + (3 - 11) + 13)
8
What